et i = -17 - f. What is the highest common divisor of i and 16?
16
Suppose 0 = -f - 3*x + 22, 0 = -f - f - 4*x + 48. Calculate the greatest common factor of 42 and f.
14
Let i = 24 + -15. Calculate the highest common divisor of 27 and i.
9
Suppose -h - 80 = -p, -4*p - h - h + 302 = 0. Let f(y) = -3*y - 4. Let a be f(-5). What is the highest common factor of a and p?
11
Let b = -7 - -4. Let t(l) = 20*l**2 + 2*l + 1. Let r be t(b). Calculate the highest common divisor of 25 and r.
25
Let l be (3 - (7 - 1))*7. Let k = 49 - l. Calculate the highest common factor of 14 and k.
14
Suppose 209 = 2*k + 3*s, 0*k + 5*k - 5*s = 485. What is the highest common factor of 75 and k?
25
Let p(f) = -f**3 - 5*f**2 - f + 6. Let n = 4 + -8. Let l(j) = j**2 + 4*j - 5. Let d be l(n). Let c be p(d). What is the greatest common divisor of 88 and c?
11
Let i be 33*(-4)/(-3) - -1. Let a = -2 - -11. What is the highest common divisor of i and a?
9
Let o(w) = 5*w - 6. Let v be o(4). Let b be (42/(-5))/(6/(-80)). What is the highest common factor of v and b?
14
Suppose -4*h - 2*b - 157 = -585, 0 = -h + 5*b + 96. Let s be (-3)/9 + h/3. Calculate the greatest common divisor of s and 7.
7
Suppose -63 = 46*c - 49*c. What is the greatest common divisor of 35 and c?
7
Let c be (-6)/15 - (-5)/(25/117). Calculate the highest common divisor of 46 and c.
23
Suppose -2*x = 3*x + 3*m - 455, -4*x + m + 347 = 0. Let p = 55 + -47. Calculate the highest common divisor of p and x.
8
Let c = 14 + 246. Calculate the greatest common divisor of 26 and c.
26
Suppose 10 = -2*m - 3*m. Let f be 1/(-2) + (-23)/2. Let h be (-2)/m + (-3 - f). Calculate the highest common divisor of 20 and h.
10
Suppose -3*z - 8 - 4 = -5*o, 0 = 4*o - 12. Calculate the highest common factor of z and 9.
1
Let k be 24/2*(-9 - -12). Calculate the greatest common factor of 54 and k.
18
Let w be -11*(-1 - (-2)/(-2)). Suppose 0 = 5*d + 3*f - 116, -3*f = f - 8. Calculate the greatest common factor of w and d.
22
Suppose -3*w + 99 = -177. Suppose 2 = -5*q + w. Suppose 3*l - 288 = -l. Calculate the greatest common divisor of q and l.
18
Suppose 2*y - 12 = -2*y. Suppose q = 4*k + 2*q - 14, -k + 3*q - y = 0. Calculate the highest common divisor of k and 3.
3
Suppose 5*l = 9*l + 124. Let j = 73 + l. What is the highest common factor of 28 and j?
14
Suppose 4 = -2*i - 2*i. Let b(y) = -7*y**3 + 2*y**2 - 1. Let n be b(i). Calculate the greatest common divisor of 2 and n.
2
Suppose 0 = -24*d - 196 + 868. Let z(g) = 22*g + 2. Let i be z(5). Calculate the highest common divisor of d and i.
28
Suppose 0 = 3*f - 5*w - 111, -2*w + 11 = f - 37. What is the highest common factor of 21 and f?
21
Let n = -1 + 2. Let s be (-11)/3 - (-4)/6. Let h be (-4)/(s + n) - 0. What is the highest common divisor of 2 and h?
2
Let w = -3 + 8. Let a = w - -55. What is the highest common factor of 15 and a?
15
Let m(z) = z**3 - 5*z**2 + 4*z - 8. Let a be m(4). Let k = a - -24. What is the highest common factor of k and 112?
16
Let s = 27 + -47. Let c = 2 - s. What is the highest common divisor of c and 33?
11
Suppose 96 - 285 = -3*w. Suppose 22 = -x - 4*r - w, -r = 3*x + 310. Let s = 169 + x. What is the greatest common factor of s and 8?
8
Suppose 2*i = 2*q - 270, q = -0*q - i + 129. Calculate the highest common divisor of 12 and q.
12
Let f(h) = 61*h**2 + 2*h + 1. Let n be f(-1). Suppose -3*l - 2*v + 12 = 0, 0 = 5*l - 2*v - 0*v - 36. What is the greatest common divisor of l and n?
6
Suppose -5*c - 12 = -g + 18, -4*c - 101 = -3*g. What is the highest common divisor of g and 7?
7
Suppose -f = -4*n + 154, -72 - 117 = -5*n + 3*f. Calculate the highest common factor of n and 13.
13
Suppose 19*d + 36 = 21*d. Let x be (-1)/3 + (-866)/(-6). Calculate the highest common factor of d and x.
18
Let m(i) = -i - 6. Let f be m(-6). Suppose f = -2*q + 9 + 1. Suppose -5*w + 29 + 40 = 4*u, -2*u + q*w = 3. Calculate the highest common factor of u and 11.
11
Let a be 4/10 + 30/50. Let x(u) = 8*u**2. Let n be x(a). Calculate the greatest common divisor of 8 and n.
8
Let c = -95 + 158. Calculate the highest common factor of c and 18.
9
Let l = -4 - -12. Calculate the greatest common divisor of 40 and l.
8
Suppose -5*r + 0*r = 0. Let j be 9/2 + 4/8. Suppose j*u - 270 - 5 = r. What is the highest common factor of 5 and u?
5
Suppose 22 = 2*k + 4*f, -17 = -5*k - 4*f + 8. What is the greatest common factor of k and 4?
1
Suppose -4*n - 2*q + 380 = 126, q = -n + 61. Let v = n - 30. Suppose b + b = v. Calculate the greatest common factor of 162 and b.
18
Let i = -5 + 3. Let r(g) = -9*g**3 - 2*g + 1. Let y be r(i). What is the highest common factor of y and 11?
11
Let p(l) = l**2 + 2*l + 1. Let y be p(2). Let t = 67 + -40. What is the greatest common divisor of y and t?
9
Suppose 44 = 3*c - 13. Let s(h) = h**3 - 6*h**2 - 6*h + 7. Let j be s(7). Suppose -4*a + 62 = -j. Calculate the greatest common divisor of c and a.
19
Let b be 10*((-35)/(-25) + 3). Calculate the highest common divisor of b and 22.
22
Suppose t + 108 = -28. Let o be t/(-10) + (-2)/(-5). What is the highest common factor of 154 and o?
14
Suppose -4*p + 7 + 9 = 0. Suppose z - p = 1. Suppose 9 + 6 = 3*o. What is the greatest common factor of o and z?
5
Suppose 3*z = -0*z + 315. What is the highest common factor of z and 15?
15
Let h = -5 - -125. What is the greatest common factor of h and 48?
24
Let k be (10 - 10) + 3 + (0 - 2). Let r be (1 + -2)/(-1 - 0). What is the greatest common factor of k and r?
1
Suppose -6 = 2*q - 4*q. Let n(z) = z**3 - 4*z**2 + 2*z + 1. Let m be -3 - -3 - (0 + -4). Let i be n(m). What is the highest common divisor of i and q?
3
Let x = -36 + 21. Let n = -4 - x. Calculate the greatest common factor of n and 99.
11
Suppose -3*f - 120 = -6*f. Calculate the highest common divisor of 16 and f.
8
Let c be 0/2 + -2 + 2. Suppose 0 = -3*r + 2*r + 75. Suppose u + 2*u - 3*f - 33 = 0, c = 5*u + 5*f - r. Calculate the greatest common divisor of 13 and u.
13
Suppose -8*g + 3*g = -10. Let v be (-3)/(11/(-10) - -1). Suppose z + g*f + f = v, 2*f = -z + 27. Calculate the highest common divisor of z and 189.
21
Let c = 10 - -22. Suppose -4*i + 138 = 2*m - 0*m, -i = -1. Suppose 5*p = b - 11, 7*b - 3*b + 3*p - m = 0. What is the greatest common divisor of b and c?
16
Let t(u) = -4*u**3 - 2. Let k be t(-2). Suppose 7*x - 6*x = 6. Calculate the greatest common divisor of k and x.
6
Suppose -5*h = 36 - 171. Let s be ((-2)/(-4))/((-2)/(-12)). What is the highest common divisor of s and h?
3
Let f(x) = -x + 30. Let d be f(14). Calculate the greatest common factor of 80 and d.
16
Let q = -11 + 23. What is the highest common divisor of 60 and q?
12
Suppose -4*k + 4*x + 3 = k, -2*x - 9 = -5*k. Let z be (10 + (k - 2))*13. Calculate the greatest common divisor of z and 13.
13
Suppose -3*o = o + 396. Let z be (-1)/((1/o)/1). Calculate the highest common divisor of 9 and z.
9
Let l = 183 + -347. Let i = 311 + l. What is the highest common divisor of 21 and i?
21
Suppose -4*w + 12 = -8*w. Let d = 7 + w. Calculate the greatest common factor of d and 4.
4
Let x = -10 - -10. Suppose x = 2*q - 7*q + 25. What is the highest common divisor of 10 and q?
5
Let x be (-3)/9 + (-19)/(-3). Let n(w) = 2 + 0*w - 17*w - x*w. Let k be n(-2). Calculate the greatest common divisor of k and 32.
16
Let g = -146 - -162. Calculate the greatest common factor of g and 240.
16
Let s(n) = n**3 - 10*n**2 + 9*n + 7. Let t be s(9). Let b(v) = 8*v + 1. Let g be b(6). Calculate the greatest common factor of t and g.
7
Suppose -o = 2*l - 6, -3*l + 5*l - o = 10. Suppose 4*f - l - 8 = 0. Suppose -6*n = -f*n - 15. What is the greatest common divisor of n and 15?
5
Suppose 4*o + 4 = 32. Calculate the highest common divisor of 35 and o.
7
Suppose -t = -2*n + 240, n - 2*t = 111 + 9. What is the highest common divisor of 15 and n?
15
Suppose -3*v + 0 = -15. Suppose 286 = 11*h + 11. What is the greatest common factor of h and v?
5
Let s = 20 - 37. Let d = s + 34. Suppose -4*x + 85 = x. What is the greatest common factor of x and d?
17
Suppose 14 = -3*h + 44. What is the greatest common divisor of h and 20?
10
Suppose -y - 22 = -5*o, 0 = -4*y - 3*o + 34 - 7. Suppose 14 = 4*f + y*b - 61, -3*b + 3 = 0. Calculate the greatest common factor of 6 and f.
6
Suppose -5*c +